*i + 10. What are the prime factors of x(-13)?
2, 3, 29
Suppose -9 = 3*r - 6*r - 3*x, r - 4*x + 22 = 0. What are the prime factors of 223 - (6 + -1*(r - -4))?
3, 73
Let n(i) = 83*i**2 + 421*i - 36. What are the prime factors of n(-15)?
2, 3, 13, 79
Let t = -93 - -120. Suppose 2*c - 125 = t. Let h = 84 - c. What are the prime factors of h?
2
Let d(c) be the third derivative of -c**6/120 - c**5/3 + 29*c**4/24 + 13*c**3/6 - 13*c**2 + 3. List the prime factors of d(-22).
7
Let a(n) = -2*n - 13. Let l be a(-9). Suppose -176 = l*t + 159. Let z = t - -99. List the prime factors of z.
2
Suppose 14*m - 12*m - 119066 = -4*i, -m = -2*i + 59523. List the prime factors of i.
2, 7, 1063
Suppose -2*s = 5*b - 143 + 710, 0 = -2*s + 3*b - 575. Let x = -39 - s. What are the prime factors of x?
13, 19
Let p be (-2 - -2 - -4) + -3 - -772. Suppose -11*u + p + 657 = 0. List the prime factors of u.
2, 5, 13
Let s(l) = 10*l + 402. Let g be s(-39). Let c(m) = 11*m - 6. Let w(f) = -12*f + 7. Let u(j) = 4*c(j) + 3*w(j). List the prime factors of u(g).
3, 31
Let t be (217/5 - 5)*5. What are the prime factors of -21*(6 - t/9)?
2, 7, 23
Let b(i) = -225*i**3 + 11*i**2 + 2*i + 38. List the prime factors of b(-7).
2, 47, 827
Suppose 11*a - 9*a = -2*q + 32880, 2*q - 32873 = -a. List the prime factors of q.
16433
Let a(b) = b**2 + 6*b + 13. Let g be a(-3). Suppose g*r - 10 = -q - 2, -r = -q - 7. Let l(u) = -u**3 + 8*u**2 + 7*u + 5. List the prime factors of l(q).
13
Let j = 0 - -2. Suppose -12*f + 420 = j*f. Suppose -525 - f = -5*n. What are the prime factors of n?
3, 37
Let z(o) be the third derivative of -7*o**5/60 + o**4/6 + 5*o**3/6 - 25*o**2. Let c be z(-1). Let i(q) = -4*q + 26. List the prime factors of i(c).
2, 5
Let j(t) = t. Let k(w) = w + 53. Let q(y) = -j(y) - k(y). Let o be q(-28). Suppose -3*f + 744 = o*f. List the prime factors of f.
2, 31
Suppose -7*k + 6 = -15. Suppose 2*j + c - 478 = 0, k*c - 83 - 391 = -2*j. Suppose -140 = -2*d + j. List the prime factors of d.
2, 5, 19
List the prime factors of 1218/(-147)*-3647 + -23.
3, 5, 11, 61
Suppose 4*p = -5*p - 8*p. Suppose p = 2*h + z - 3355, 3*h - 4*h = z - 1678. What are the prime factors of h?
3, 13, 43
Let m = 3875 + 3360. What are the prime factors of m?
5, 1447
Let c be 170/(-17)*535/2. Let p = c - -3887. What are the prime factors of p?
2, 3, 101
Suppose -5*a + 25 = 5*f, 0*a - 5*f - 55 = -5*a. Suppose -1702 + 8086 = a*r. What are the prime factors of r?
2, 3, 7, 19
Suppose 3300 = x + 3*n - 27892, 3*x - 93606 = -4*n. List the prime factors of x.
2, 5, 3121
Suppose n - 26 = -5*y, -9*y - 2*n = -4*y - 27. Suppose 2*l - 412 = 4*t, 3*l - y*t = -0*l + 617. What are the prime factors of l?
2, 3, 17
Suppose 38 = 40*z - 2*z. What are the prime factors of ((-48)/15 + 2)/(z/(-20))?
2, 3
Let l(k) = 10*k**2 - 2*k + 12. Suppose 0 = f + 4 + 1. Let t be l(f). Let r = -123 + t. What are the prime factors of r?
149
Let i = -3826 - -5519. List the prime factors of i.
1693
Suppose -5*a = -5, -4*c + 3*c - 5*a = -2562. What are the prime factors of c?
2557
Suppose -2*r - r + 5*b + 70 = 0, 2*b = -4*r + 76. Suppose r*w = 25*w + 510. What are the prime factors of -4 + 2 - (-1 + w)?
101
Let i = 635 - 369. Suppose 5*d - i = 4. List the prime factors of (-3)/((d/(-164))/9).
2, 41
Let k(o) = 7*o + 107. Suppose 29*p - 22*p = -105. What are the prime factors of k(p)?
2
Let v(l) = 89*l**3 - 3*l**2 + 3*l - 1. Let d be v(1). Suppose -4*s = -4*t - d, -3*s - s + 66 = -3*t. Let u(x) = -12*x - 36. List the prime factors of u(t).
2, 3, 19
Suppose -5*y = -4*h - 17, 5*h - 2*h = -y + 11. Suppose a + h*a = 9. Suppose 3*k - 43 + 134 = o, 2*o - 173 = a*k. What are the prime factors of o?
2, 41
Let p(d) = -d**3 - 6*d**2 + 3*d - 22. Let m be p(-7). Suppose -2*s - 24 = m*s. List the prime factors of ((-4)/4)/(s/(3 + 285)).
2, 3
Let x = -5727 + 31674. What are the prime factors of x?
3, 31
Let h(i) = 1101*i - 5752. What are the prime factors of h(28)?
2, 6269
Let a(h) = -3*h - 40. Let x be a(-16). Suppose v + 1561 = x*v. What are the prime factors of v?
223
Let r(b) = -3*b**2 - 226*b + 45. List the prime factors of r(-22).
5, 23, 31
Let w(s) = -16*s**3 - 15*s**2 + 16*s - 34. List the prime factors of w(-8).
2, 5, 7, 101
Let t(d) = -d**3 + 7*d**2 + 5*d + 8. Let c be t(9). Suppose -4*n + j = -811, 4*j = 2*n + j - 413. Let k = c + n. List the prime factors of k.
3, 31
Suppose -3*f + 2*n - 4 = 0, -2*n = 3*f + 2 - 6. Suppose 3*v + 5*g = 2*v + 26, -2*v - 4*g + 28 = f. Suppose -i + 7 = -v. List the prime factors of i.
13
What are the prime factors of 235060/230 - -2*(1 - 2)?
2, 3, 5, 17
Let q(b) = 112*b - 356. List the prime factors of q(25).
2, 13, 47
Suppose -7*g = 6*g - 142155. Let n = -6532 + g. Suppose -22*s + 5*s = -n. What are the prime factors of s?
7, 37
List the prime factors of 6 - (1663/(-2))/((-115)/(-2760)).
2, 3, 1109
Let r = -16454 + 24175. What are the prime factors of r?
7, 1103
Suppose -3 = -2*j + 7. What are the prime factors of ((-34896)/(-10))/8 + 4/j?
19, 23
Let i be ((-10)/(-6) - 1)/(54/(-1377)). Let d(x) = x**2 + 18*x + 35. Let s be d(i). List the prime factors of (20/s)/(-5) - 974/(-9).
2, 3
Let k(i) be the second derivative of -i**5/20 + 5*i**4/3 - i**3/6 + 27*i**2/2 - 19*i. Let z be k(20). Suppose -99 + 1 = -z*v. List the prime factors of v.
2, 7
Suppose 7310*l - 19128 = 7304*l. What are the prime factors of l?
2, 797
Suppose 19*t - 69 = -31. Suppose 3*g - 1 = t*g, -4*c + 5195 = -g. List the prime factors of c.
3, 433
Let x = 5333 - 3873. What are the prime factors of x?
2, 5, 73
Let q = 69 + -53. Suppose 0*j - q = -4*j. Suppose d = -j*i + 62 + 36, 0 = 3*i - 15. List the prime factors of d.
2, 3, 13
Let u(o) = 11126*o**2 - 164*o + 164. What are the prime factors of u(1)?
2, 5563
List the prime factors of 0 - (-208 + 215 + (-32486 - 1)).
2, 5, 7, 29
Let k be 1*(-16)/(-2 - 0). Suppose k*f - 1675 = 3*f. Suppose -3*c + 2*b = -6*c + 176, -f = -5*c + 5*b. What are the prime factors of c?
2, 31
Let s(w) = -30*w - 67. Let x(p) = -3*p - 4. Let g be x(3). List the prime factors of s(g).
17, 19
Let u(x) = 5*x**2 - 327*x + 64. What are the prime factors of u(-31)?
2, 3, 41, 61
Let d = 69 - 62. Suppose d*i - 14 = -0*i. Suppose -244 = -4*m + i*k, -55 = 4*m - 5*m - k. What are the prime factors of m?
59
Suppose 2*n - 1076 - 248 = -4*s, 3*n + 4*s = 1992. Suppose i - n = -0*i - 4*r, 0 = -4*i + 5*r + 2672. What are the prime factors of i?
2, 167
Let x = -3 - -13. Let q = 202 - 162. Let d = q - x. What are the prime factors of d?
2, 3, 5
Suppose 47*m - 28*m - 528903 = 0. What are the prime factors of (m/6)/9*2?
1031
Let y(u) = -u**3 - u**2 - 1. Let g be y(-2). Suppose -5*s - q + 2335 = q, -5*q = g*s - 1401. List the prime factors of s.
467
Let x(p) = 2*p**2 - 10*p - 12. Let z(y) = 7*y - 1. Let b(c) = 1. Let o(n) = -5*b(n) - z(n). Let d be o(-2). What are the prime factors of x(d)?
2, 11
What are the prime factors of ((1 - 3819/15) + -2)/(10/(-425))?
3, 17, 71
Let v be (-96)/(-7) + (-2)/(-7). Suppose 0 = -2*j + 20*m - 21*m + 55, 3*j + 3*m = 75. Suppose v*q = 12*q + j. List the prime factors of q.
3, 5
Let b = -7 - -12. Let o = -304 + 311. Suppose b*z + 340 = o*z. List the prime factors of z.
2, 5, 17
Let l = 19711 + -18201. What are the prime factors of l?
2, 5, 151
Let f(n) = -9*n**3 - 16*n**2 + 5*n + 61. List the prime factors of f(-19).
55921
Suppose -69 = p - 74, -2*s + 19298 = -2*p. List the prime factors of s.
2, 3, 1609
Let i(b) = -b**2 + 4*b - 8. Let r = -60 - -76. Let k be i(r). Let a = k - -362. What are the prime factors of a?
2, 3
Let w be (-39)/(-15) - (-12)/(-20). Suppose -12*n = -14*n - w. What are the prime factors of 464/24*-6*(n - 1)?
2, 29
Let t = 22913 + -16312. List the prime factors of t.
7, 23, 41
Let j be 10/20 - (-5)/(-2). Let u(c) = -239*c - 1. Let f be u(j). What are the prime factors of (-26)/(-8) + -3 + f/12?
2, 5
Let m be (3 + -2)*-1 + 6. Suppose 0 = -5*v + 2*i + 194 + 1776, 2*v + m*i - 788 = 0. What are the prime factors of v?
2, 197
Suppose 4*a = t - 390, 5*a - 845 = 11*t - 13*t. Suppose 0*j + 4*j - 2*z - 1658 = 0, 0 = -j - 4*z + t. List the prime factors of j.
2, 3, 23
Let d be (-3)/1 - -6 - (1 - 0). What are the prime factors of 21/(-14)*d - (-144 + -2)?
11, 13
Suppose -4*n + 0*n - 12 = 0. Let g(p) be the first derivati